{"id":136,"date":"2015-10-15T16:37:14","date_gmt":"2015-10-15T16:37:14","guid":{"rendered":"http:\/\/radsport-zebisch.de\/wordpress\/?page_id=136"},"modified":"2016-06-29T11:30:14","modified_gmt":"2016-06-29T11:30:14","slug":"klappraeder","status":"publish","type":"page","link":"https:\/\/radsport-zebisch.de\/?page_id=136","title":{"rendered":"Faltr\u00e4der"},"content":{"rendered":"<p>Wir f\u00fchren Faltr\u00e4der von Tern<\/p>\n<p>Beispiel<\/p>\n<p><a href=\"http:\/\/radsport-zebisch.de\/wordpress\/wp-content\/uploads\/2015\/10\/Tern_vergen8-g3-unfold-m0-wht-red.jpg\"><img loading=\"lazy\" decoding=\"async\" class=\"alignnone size-medium wp-image-242\" src=\"https:\/\/radsport-zebisch.de\/wordpress\/wp-content\/uploads\/2015\/10\/Tern_vergen8-g3-unfold-m0-wht-red-300x200.jpg\" alt=\"Tern_vergen8-g3-unfold-m0-wht-red\" width=\"300\" height=\"200\" srcset=\"https:\/\/radsport-zebisch.de\/wordpress\/wp-content\/uploads\/2015\/10\/Tern_vergen8-g3-unfold-m0-wht-red-300x200.jpg 300w, https:\/\/radsport-zebisch.de\/wordpress\/wp-content\/uploads\/2015\/10\/Tern_vergen8-g3-unfold-m0-wht-red-768x512.jpg 768w, https:\/\/radsport-zebisch.de\/wordpress\/wp-content\/uploads\/2015\/10\/Tern_vergen8-g3-unfold-m0-wht-red-1024x683.jpg 1024w, https:\/\/radsport-zebisch.de\/wordpress\/wp-content\/uploads\/2015\/10\/Tern_vergen8-g3-unfold-m0-wht-red-450x300.jpg 450w, https:\/\/radsport-zebisch.de\/wordpress\/wp-content\/uploads\/2015\/10\/Tern_vergen8-g3-unfold-m0-wht-red.jpg 1200w\" sizes=\"(max-width: 300px) 100vw, 300px\" \/><\/a><span class=\"field-content\">\u00a0 Verge N8<\/span><\/p>\n<p><a href=\"http:\/\/radsport-zebisch.de\/wordpress\/wp-content\/uploads\/2015\/10\/Tern_verges8i-g1-unfold-dr-blk-0.jpg\"><img loading=\"lazy\" decoding=\"async\" class=\"alignnone size-medium wp-image-241\" src=\"https:\/\/radsport-zebisch.de\/wordpress\/wp-content\/uploads\/2015\/10\/Tern_verges8i-g1-unfold-dr-blk-0-300x200.jpg\" alt=\"Tern_verges8i-g1-unfold-dr-blk-0\" width=\"300\" height=\"200\" srcset=\"https:\/\/radsport-zebisch.de\/wordpress\/wp-content\/uploads\/2015\/10\/Tern_verges8i-g1-unfold-dr-blk-0-300x200.jpg 300w, https:\/\/radsport-zebisch.de\/wordpress\/wp-content\/uploads\/2015\/10\/Tern_verges8i-g1-unfold-dr-blk-0-768x512.jpg 768w, https:\/\/radsport-zebisch.de\/wordpress\/wp-content\/uploads\/2015\/10\/Tern_verges8i-g1-unfold-dr-blk-0-1024x683.jpg 1024w, https:\/\/radsport-zebisch.de\/wordpress\/wp-content\/uploads\/2015\/10\/Tern_verges8i-g1-unfold-dr-blk-0-450x300.jpg 450w, https:\/\/radsport-zebisch.de\/wordpress\/wp-content\/uploads\/2015\/10\/Tern_verges8i-g1-unfold-dr-blk-0.jpg 1200w\" sizes=\"(max-width: 300px) 100vw, 300px\" \/><\/a><span class=\"field-content\">\u00a0 Verge S8i<\/span><\/p>\n<p><a href=\"http:\/\/radsport-zebisch.de\/wordpress\/wp-content\/uploads\/2015\/10\/Tern_elink-unfold-mr-wht-green_0.jpg\"><img loading=\"lazy\" decoding=\"async\" class=\"alignnone size-medium wp-image-243\" src=\"https:\/\/radsport-zebisch.de\/wordpress\/wp-content\/uploads\/2015\/10\/Tern_elink-unfold-mr-wht-green_0-300x200.jpg\" alt=\"Tern_elink-unfold-mr-wht-green_0\" width=\"300\" height=\"200\" srcset=\"https:\/\/radsport-zebisch.de\/wordpress\/wp-content\/uploads\/2015\/10\/Tern_elink-unfold-mr-wht-green_0-300x200.jpg 300w, https:\/\/radsport-zebisch.de\/wordpress\/wp-content\/uploads\/2015\/10\/Tern_elink-unfold-mr-wht-green_0-768x512.jpg 768w, https:\/\/radsport-zebisch.de\/wordpress\/wp-content\/uploads\/2015\/10\/Tern_elink-unfold-mr-wht-green_0-1024x683.jpg 1024w, https:\/\/radsport-zebisch.de\/wordpress\/wp-content\/uploads\/2015\/10\/Tern_elink-unfold-mr-wht-green_0-450x300.jpg 450w, https:\/\/radsport-zebisch.de\/wordpress\/wp-content\/uploads\/2015\/10\/Tern_elink-unfold-mr-wht-green_0.jpg 1200w\" sizes=\"(max-width: 300px) 100vw, 300px\" \/><\/a><span class=\"field-content\">\u00a0 eLink<\/span><\/p>\n","protected":false},"excerpt":{"rendered":"<p>Wir f\u00fchren Faltr\u00e4der von Tern Beispiel \u00a0 Verge N8 \u00a0 Verge S8i \u00a0 eLink<\/p>\n","protected":false},"author":1,"featured_media":0,"parent":15,"menu_order":8,"comment_status":"closed","ping_status":"closed","template":"sidebar-page.php","meta":{"footnotes":""},"_links":{"self":[{"href":"https:\/\/radsport-zebisch.de\/index.php?rest_route=\/wp\/v2\/pages\/136"}],"collection":[{"href":"https:\/\/radsport-zebisch.de\/index.php?rest_route=\/wp\/v2\/pages"}],"about":[{"href":"https:\/\/radsport-zebisch.de\/index.php?rest_route=\/wp\/v2\/types\/page"}],"author":[{"embeddable":true,"href":"https:\/\/radsport-zebisch.de\/index.php?rest_route=\/wp\/v2\/users\/1"}],"replies":[{"embeddable":true,"href":"https:\/\/radsport-zebisch.de\/index.php?rest_route=%2Fwp%2Fv2%2Fcomments&post=136"}],"version-history":[{"count":4,"href":"https:\/\/radsport-zebisch.de\/index.php?rest_route=\/wp\/v2\/pages\/136\/revisions"}],"predecessor-version":[{"id":244,"href":"https:\/\/radsport-zebisch.de\/index.php?rest_route=\/wp\/v2\/pages\/136\/revisions\/244"}],"up":[{"embeddable":true,"href":"https:\/\/radsport-zebisch.de\/index.php?rest_route=\/wp\/v2\/pages\/15"}],"wp:attachment":[{"href":"https:\/\/radsport-zebisch.de\/index.php?rest_route=%2Fwp%2Fv2%2Fmedia&parent=136"}],"curies":[{"name":"wp","href":"https:\/\/api.w.org\/{rel}","templated":true}]}}

Falträder

<p>Wir führen Falträder von Tern</p>
<p>Beispiel</p>
<p><a href="http://radsport-zebisch.de/wordpress/wp-content/uploads/2015/10/Tern_vergen8-g3-unfold-m0-wht-red.jpg"><img loading="lazy" decoding="async" class="alignnone size-medium wp-image-242" src="https://radsport-zebisch.de/wordpress/wp-content/uploads/2015/10/Tern_vergen8-g3-unfold-m0-wht-red-300x200.jpg" alt="Tern_vergen8-g3-unfold-m0-wht-red" width="300" height="200" srcset="https://radsport-zebisch.de/wordpress/wp-content/uploads/2015/10/Tern_vergen8-g3-unfold-m0-wht-red-300x200.jpg 300w, https://radsport-zebisch.de/wordpress/wp-content/uploads/2015/10/Tern_vergen8-g3-unfold-m0-wht-red-768x512.jpg 768w, https://radsport-zebisch.de/wordpress/wp-content/uploads/2015/10/Tern_vergen8-g3-unfold-m0-wht-red-1024x683.jpg 1024w, https://radsport-zebisch.de/wordpress/wp-content/uploads/2015/10/Tern_vergen8-g3-unfold-m0-wht-red-450x300.jpg 450w, https://radsport-zebisch.de/wordpress/wp-content/uploads/2015/10/Tern_vergen8-g3-unfold-m0-wht-red.jpg 1200w" sizes="(max-width: 300px) 100vw, 300px" /></a><span class="field-content">  Verge N8</span></p>
<p><a href="http://radsport-zebisch.de/wordpress/wp-content/uploads/2015/10/Tern_verges8i-g1-unfold-dr-blk-0.jpg"><img loading="lazy" decoding="async" class="alignnone size-medium wp-image-241" src="https://radsport-zebisch.de/wordpress/wp-content/uploads/2015/10/Tern_verges8i-g1-unfold-dr-blk-0-300x200.jpg" alt="Tern_verges8i-g1-unfold-dr-blk-0" width="300" height="200" srcset="https://radsport-zebisch.de/wordpress/wp-content/uploads/2015/10/Tern_verges8i-g1-unfold-dr-blk-0-300x200.jpg 300w, https://radsport-zebisch.de/wordpress/wp-content/uploads/2015/10/Tern_verges8i-g1-unfold-dr-blk-0-768x512.jpg 768w, https://radsport-zebisch.de/wordpress/wp-content/uploads/2015/10/Tern_verges8i-g1-unfold-dr-blk-0-1024x683.jpg 1024w, https://radsport-zebisch.de/wordpress/wp-content/uploads/2015/10/Tern_verges8i-g1-unfold-dr-blk-0-450x300.jpg 450w, https://radsport-zebisch.de/wordpress/wp-content/uploads/2015/10/Tern_verges8i-g1-unfold-dr-blk-0.jpg 1200w" sizes="(max-width: 300px) 100vw, 300px" /></a><span class="field-content">  Verge S8i</span></p>
<p><a href="http://radsport-zebisch.de/wordpress/wp-content/uploads/2015/10/Tern_elink-unfold-mr-wht-green_0.jpg"><img loading="lazy" decoding="async" class="alignnone size-medium wp-image-243" src="https://radsport-zebisch.de/wordpress/wp-content/uploads/2015/10/Tern_elink-unfold-mr-wht-green_0-300x200.jpg" alt="Tern_elink-unfold-mr-wht-green_0" width="300" height="200" srcset="https://radsport-zebisch.de/wordpress/wp-content/uploads/2015/10/Tern_elink-unfold-mr-wht-green_0-300x200.jpg 300w, https://radsport-zebisch.de/wordpress/wp-content/uploads/2015/10/Tern_elink-unfold-mr-wht-green_0-768x512.jpg 768w, https://radsport-zebisch.de/wordpress/wp-content/uploads/2015/10/Tern_elink-unfold-mr-wht-green_0-1024x683.jpg 1024w, https://radsport-zebisch.de/wordpress/wp-content/uploads/2015/10/Tern_elink-unfold-mr-wht-green_0-450x300.jpg 450w, https://radsport-zebisch.de/wordpress/wp-content/uploads/2015/10/Tern_elink-unfold-mr-wht-green_0.jpg 1200w" sizes="(max-width: 300px) 100vw, 300px" /></a><span class="field-content">  eLink</span></p>

<p>Wir führen Falträder von Tern Beispiel   Verge N8   Verge S8i   eLink</p>
